culate -42 + 52 - (-19 + 5).
24
Calculate -27 - -7 - (72 + -82).
-10
Calculate 6 - 20 - -9 - -5.
0
What is (-43 - -52 - (-12 - 2)) + -2 + 1?
22
Evaluate -3 + (-1 - (36 - 20)).
-20
Calculate -5 - (-51 + 33) - (1 + -14).
26
(12 - (-47 + 18)) + -15
26
-255 + 311 + (1 - 32)
25
Calculate -2 + (-14 - -4 - -4).
-8
Evaluate -2 + 14 + -12 + (-2 - 2 - -1).
-3
Evaluate 13 - (10 - 3 - 1) - -5 - 3.
9
What is (-19 + 17 - 11) + 18?
5
What is the value of 6 + -2 - ((-1 - 5) + (-15 - -14))?
11
Calculate 13 + (-10 - 16) + 4.
-9
What is the value of (15 + -1 - (-10 + 0 - -13)) + -4?
7
What is the value of -11 + (-14 + 0 - (-7 + 2) - -8)?
-12
99 + -89 - (1 + 13)
-4
What is (1 + -1 - -1) + 6 + -8 + 7?
6
Evaluate -37 - -14 - (5 - 8 - 6).
-14
What is -7 - ((-12 - -6) + 5) - 11?
-17
What is the value of (-26 - (12 + -32)) + 12?
6
What is 10 + -3 - ((0 - 0) + 20)?
-13
28 + -21 + (-1 - 10) + 34 + -1
29
What is the value of 2 + -11 + 15 + (-1 - 9)?
-4
What is 0 + (6 - (-24 + 11 - -22))?
-3
Evaluate -9 + (9 - (-45 + -1 - -13)).
33
Calculate (5 - 5) + (1 - (5 - 11 - -5)).
2
8 + 1 + -2 + -11
-4
-459 + 462 - (1 + (1 - 2))
3
What is the value of 8 + (7 - -13) + 0 + -10 + 4?
22
Calculate -32 - (-21 - (12 + -24) - (-9 + -2)).
-34
Evaluate 40 + -34 - ((-3 - -8) + 0).
1
What is the value of (8 - 17 - -18 - 13) + 9?
5
Calculate (2 + 12 - 7 - -20) + 0.
27
Evaluate (-4 - -18) + -13 - 7.
-6
Calculate -6 - (-12 - (-11 - (-11 - 2))).
8
What is 914 - 912 - (0 + -3)?
5
What is 41 + -40 + -35 + -5 + 12?
-27
(2 - -5) + 3 + (10 - 7)
13
What is the value of (23 - (18 - 23)) + -53?
-25
What is the value of (0 - (5 - -22)) + 31?
4
6 + -50 + (35 - 11)
-20
Calculate -24 + 1 - (13 - -1).
-37
Calculate -1 - (12 + (1 - 33)).
19
Calculate -28 - (-49 + 16) - (22 + -1).
-16
Calculate 61 + -64 + (7 - 0) - 7.
-3
Calculate 6 + -57 + 41 + 15 + -44.
-39
Evaluate (-59 + -31 - -71) + -1 + 5.
-15
Calculate -4 + (12 - 12) - -9.
5
-12 + 5 + (23 - 0)
16
What is (-6 - -11 - -15) + -7 + -12?
1
What is the value of (34 - 38) + 15 + -1 + (0 - 1)?
9
Evaluate 25 + -33 + 24 - (46 + -5).
-25
What is the value of -5 + (2 - 10) + -5 + -1?
-19
What is the value of 14 - ((1 - 12) + 56 + -36)?
5
Calculate -2 + -33 - (-22 + (-17 - -30)).
-26
What is the value of -25 + 17 + (1 - 19)?
-26
Evaluate 10 - (-6 + 9) - (3 - 8).
12
(31 - 36) + 0 + 2
-3
What is (5 - (6 + -10)) + -34 - -6?
-19
Calculate -461 - -492 - (0 - -12).
19
What is 25 + -5 + 3 + -3 + -46?
-26
Evaluate 166 + -178 + -1 + 14 + 1 + -8.
-6
-8 + 56 + -38 - (1 - 11)
20
Calculate 1 - 0 - (3 - (7 - 5)) - -8.
8
0 + -7 + 12 + (-9 - 8)
-12
What is (-11 - 0) + -8 + (17 - 13)?
-15
What is (-2 - -3) + 1 - (17 - (-31 - -64))?
18
Evaluate -9 - (-7 + -16 + -4) - (3 + 1).
14
Calculate (2 - (10 + 3 - -7)) + 47.
29
What is (-6 - (6 - -2 - 11)) + (-1 - -5)?
1
What is the value of 18 + 8 - (-43 + 55)?
14
Evaluate -1 + 0 - (35 - 28).
-8
What is -14 - -23 - (0 - 3) - (36 + -43)?
19
What is the value of -2 - (14 + (3 - 0) + (-6 - 0))?
-13
What is -7 - (21 - 22 - (2 - 1))?
-5
Evaluate 5 + -3 - (-5 + (-3 - 0) + -1).
11
(-14 - (3 + 11)) + 4 + 3
-21
What is 17 + (3 - (-8 - -19))?
9
What is 7 - (-1 + 2 + 20)?
-14
(-17 - -51 - 11) + -15
8
What is -7 + -4 + (8 - (13 + 6)) + 5?
-17
Calculate -6 + (11 - (17 + -14)).
2
Evaluate (3 - 14) + -14 + 21.
-4
Evaluate -5 - -13 - 8 - -2 - -1 - 19.
-16
What is the value of 37 + -24 + -21 - (10 - 3)?
-15
-10 + (39 - -20 - 24)
25
What is (13 - 1) + -46 + (17 + -4 - 4)?
-25
Calculate 2 - (3 - (13 - (-6 + (19 - 7)))).
6
Evaluate 0 + 2 + 2 + -5 + (-4 - 1).
-6
What is -18 + 14 + 17 - 15?
-2
Evaluate -4 - (-26 - -13) - -1.
10
What is the value of -11 - (1 - -2 - (287 - 252))?
21
(2 - (5 - (2 - 3))) + -4 + -4
-12
What is 16 + -5 - ((-3 - 1) + 4)?
11
Evaluate -5 + (3 - -6) + (18 - 0) + -2.
20
What is 14 - (20 + (3 - -6))?
-15
-2 + -1 + 12 + -1
8
What is the value of -17 + 9 + 0 + (-1 - (2 + -3))?
-8
Evaluate (97 - 121) + (-6 - -47).
17
2 - (-11 - (-1 + -8 + -8))
-4
Calculate 28 + (9 - 4) + 22 + -35.
20
What is the value of 33 + (-21 - -46) + -49?
9
What is the value of (1 - -19) + (398 - 397)?
21
Evaluate -7 - (6 - -7) - (11 - 10).
-21
What is the value of (-6 - 7) + 0 + 26?
13
Calculate (26 - (16 + 2)) + -1 + 4.
11
What is 2 + 5 + (-105 - -111)?
13
Calculate -59 - (-21 - -9 - 3) - -11.
-33
What is 2 + (-5 + 6 - -12) - (22 - 15)?
8
Calculate (-19 - 6) + (-266 - -295).
4
Calculate -4 + (-42 - -44 - (-7 + -1)).
6
What is (42 - 14) + -33 + 6 + 0?
1
41 + (-84 - (44 + -58))
-29
Evaluate 0 - (-16 + 12) - -9.
13
(-7 - 9 - (4 - 1)) + -3 + 0
-22
Evaluate 0 - (-3 - -3) - (139 + -163).
24
Evaluate (7 - -1) + -10 + -47 + 22.
-27
What is (15 - (-18 - -27)) + -1 + 6?
11
Evaluate 3 + -7 - (3 + -13 - (-2 - 6)).
-2
What is the value of 9 - 16 - (-9 - (2 + -4))?
0
(1 - -8) + -3 - (8 - 9)
7
-7 + 16 + -6 + 2 - 9
-4
Evaluate (-7 - -23) + (7 - (7 - (-2 + 3))).
17
34 - (-2 - (-60 + 28))
4
Calculate -17 + 10 + -2 + -1 + (3 - -12).
5
Calculate 5 - (15 - -3) - (0 + 2 - 5).
-10
Evaluate 6 - (2 - (-10 + 11)).
5
What is the value of (15 - -13) + -17 - 12?
-1
Calculate -26 - (3 - (-17 - -39)).
-7
Calculate 63 + -25 + -29 - (2 + -3 - -8).
2
What is the value of -10 - ((17 - 18) + -2 + 4 - 27)?
16
Evaluate 22 + (-14 - 4) + 7.
11
What is the value of (-3 - -7) + (-15 - (0 + -6))?
-5
What is 5 - 1 - -1 - (-2 + 5)?
2
Calculate -6 - -1 - (-23 - -24) - (-4 + -6).
4
What is 1 + -1 + (-89 - -75)?
-14
(-44 - (14 + -37)) + 20
-1
Calculate -924 + 886 + (1 - -27).
-10
Evaluate 11 + -28 + 10 - -7.
0
Calculate -24 + 4 - -10 - -5.
-5
Evaluate -14 - 0 - (31 - 20 - 19) - -5.
-1
-21 - (-9 - 2) - (-10 + -1)
1
5 - (9 - 28 - -17)
7
What is the value of 2 - (-5 + 11) - (1 - -1 - -4)?
-10
What is 19 + 36 + -46 + -2?
7
Calculate (-1 - (0 - 9)) + (17 - (3 + 27)).
-5
What is the value of 15 + 1 - (851 - 822)?
-13
What is the value of 1 + 1 + -1 + 6765 + -6739?
27
Calculate 16 - (-3 + -12 + 3 + (15 - -1)).
12
Evaluate (-21 - ((-8 - 0) + -4)) + 11.
2
Calculate 5 + (-2 - 4) + (-1 - 5).
-7
-2 - 9 - (96 - 110)
3
What is 2 + -2 - 2 - 9?
-11
What is the value of (7 + -4 - (0 + 27)) + (-14 - -19)?
-19
What is 9 + -8 - ((0 + 3 - -2) + -6)?
2
Calculate -724 - -756 - (1 - -27).
4
What is the value of -7 + (-35 - -47 - -1 - (-8 + 0))?
14
What is 1 + 0 - (-1 + -5) - (-3 + 10)?
0
Calculate -7 - (-3 - (2 - 5)).
-7
What is -16 + -1 - (-160 - -133)?
10
28 + (-16 - (-18 - (4 + -14)))
20
What is the value of 15 + -15 + (-13 + 10 - -5)?
2
Evaluate -11 + (25 - (-3 - -11)).
6
What is the value of (61 - 48) + (-3 - -2)?
12
(-2 - (-14 - -16)) + -5
-9
Evaluate -10 - ((-111 - -116) + (-16 - -1)).
0
-9 + -2 - (-133 - -120)
2
Calculate 98 - 110 - (-8 - 3).
-1
Evaluate (-10 - (-2 - 4)) + (0 - 6) - 0.
-10
What is the value of -1 + 13 + 4 + -10 + -26?
-20
Evaluate -4 - (-38 - -11 - -8).
15
What is (-1 - (14 - -3)) + 45 + -2?
25
70 + -77 - (1 + -1) - 13
-20
Evaluate -24 + (-5 - -25) + -4.
-8
Calculate (-7 + 10 - (0 - -6)) + (-7 - -10).
0
Calculate -5 + (8 + -6 - -4) + 6 + 9.
16
Evaluate -7 - (9 - (12 + -8)) - (0 - -1).
-13
(-12 - -5) + 12 + (19 - 8) - 1
15
What is the value of (14 - 18 - -9) + -14 + 1 + 2?
-6
Evaluate (-8 - (0 + 1 + -3)) + (101 - 79).
16
What is the value of 1 - 4 - (38 + -48) - 14?
-7
What is the value of 12 + -2 + 191 + -208?
-7
What is the value of 5 + 265 + -269 + (-3 - 0) + 2?
0
Evaluate (-4 - 18) + 4 - -8.
-10
148 - 123 - (1 + 48)
-24
What is 8 + (8 - ((6 - (1 + -1)) + -1))?
11
Calculate 1 - 24 - (-21 - (-41 - -16)).
-27
What is 10 - (-15 + 7 + 41 + -23)?
0
-31 + (3 - (-36 - -20)) + 1 + 39
28
Evaluate -134 - -138 - (1 + -6).
9
What is the value of -8 + 39 + (-12 - 1)?
18
-8 + -1 - (2 - (9 + -2)) - 3
-7
Calculate 2 - 5 - -20 - 14.
3
What is 23 + 19 + (11 - 32)?
21
-8 + 36 - (55 + -40)
13
Calculate 1 - (0 - (-12 - (2 + -9))).
-4
Calculate (-12 - -1) + -1 + 11.
-1
Evaluate (9 - (8 + -3 + -6 - -8)) + -12.
-10
What is -9 - -5 - (23 + -16)?
-11
-24 - -15 - -15 - 19
-13
Evaluate -13 - ((-12 - (-1 - 24)) + -2).
-24
What is the value of (-15 - (-6 - 0)) + (-26 - -25)?
-10
What is -1 - -8 - (13 + 0) - -9?
3
(-8 + 7 + -4 - 4) + 10
1
(-1 - 0) + (-290 - -289)
-2
1 + -24 + (-374 - -361)
-36
What is the value of (-1 - (8 + 3 - 6)) + 1 + -2?
-7
What is the value of 5 - 4 - (142 + -160)?
19
What is the value of -30 + (-33 + 7 - -27)?
-29
What